{"id":6,"date":"2011-03-03T11:11:42","date_gmt":"2011-03-03T11:11:42","guid":{"rendered":"http:\/\/tjbhplzen.info\/"},"modified":"2024-02-18T13:47:06","modified_gmt":"2024-02-18T12:47:06","slug":"ubytovna","status":"publish","type":"page","link":"https:\/\/www.tjbhplzen.cz\/?page_id=6","title":{"rendered":"Ubytovna"},"content":{"rendered":"<p>Na kraji Plzn\u011b, v bezprost\u0159edn\u00edm sousedstv\u00ed nad Velk\u00fdm Boleveck\u00fdm rybn\u00edkem, se nach\u00e1z\u00ed are\u00e1l TJ Plze\u0148 &#8211; B\u00edl\u00e1 Hora, z.s., jeho\u017e sou\u010d\u00e1st\u00ed je zmodernizovan\u00e1 (p\u016fvodn\u011b turistick\u00e1) ubytovna. <strong>Standardn\u00ed ubytov\u00e1n\u00ed ve velmi p\u0159ijateln\u00fdch cenov\u00fdch relac\u00edch nab\u00edz\u00ed ve dvou- a t\u0159\u00edl\u016f\u017ekov\u00e9m pokoji &#8211; celkem 43 m\u00edst.<\/strong><\/p>\n<p>Vzhledem k dobr\u00e9mu spojen\u00ed MHD i k velk\u00e9mu parkovi\u0161ti p\u0159ed ubytovnou i uvnit\u0159 are\u00e1lu TJ je toto ubytov\u00e1n\u00ed v\u00fdhodn\u00e9 jak pro motorizovan\u00e9 n\u00e1v\u0161t\u011bvn\u00edky Plzn\u011b tak pro lidi, kte\u0159\u00ed z jak\u00fdchkoli d\u016fvod\u016f d\u00e1vaj\u00ed p\u0159ednost cestov\u00e1n\u00ed ve\u0159ejnou dopravou.<a href=\"http:\/\/www.tjbhplzen.cz\/wp-content\/uploads\/pokoj_02-scaled.jpg\"><img loading=\"lazy\" class=\"alignright\" src=\"http:\/\/www.tjbhplzen.cz\/wp-content\/uploads\/pokoj_02-225x300.jpg\" alt=\"\" width=\"146\" height=\"195\" \/><\/a><\/p>\n<ul>\n<li><span style=\"text-decoration: underline;\"><strong>Adresa ubytovny:<\/strong><\/span>\n<ul>\n<li>ubytovna TJ Plze\u0148\u2013B\u00edl\u00e1 Hora, z.s., Nad \u0160tolou 716\/25, 301 00 Plze\u0148<\/li>\n<li><a href=\"https:\/\/mapy.cz\/s\/fapecamozu\" target=\"_blank\" rel=\"noopener noreferrer\"><strong>www.mapy.cz<\/strong><\/a><\/li>\n<\/ul>\n<\/li>\n<\/ul>\n<ul>\n<li><span style=\"text-decoration: underline;\"><strong>Spr\u00e1vce ubytovny<\/strong><\/span>\n<ul>\n<li><strong>telefon: +420 774 404 980<\/strong><\/li>\n<li>e-mail: tjbhplzen[zavinac]seznam.cz<\/li>\n<\/ul>\n<\/li>\n<\/ul>\n<p><img loading=\"lazy\" class=\"alignright\" title=\"TJ BH - pokoje\" src=\"..\/foto\/pokoj_01.jpg\" alt=\"\" width=\"146\" height=\"194\" \/><\/p>\n<ul>\n<li><span style=\"text-decoration: underline;\"><strong>Kapacita ubytov\u00e1n\u00ed:<\/strong><\/span>\n<ul>\n<li>celkem 43 l\u016f\u017eek v 1. a 2. pat\u0159e ubytovny<\/li>\n<\/ul>\n<\/li>\n<\/ul>\n<ul>\n<li><span style=\"text-decoration: underline;\"><strong>Skladba pokoj\u016f:<\/strong><\/span>\n<ul>\n<li>20 pokoj\u016f 2-l\u016f\u017ekov\u00fdch<\/li>\n<li>1 pokoj 3-l\u016f\u017ekov\u00fd<\/li>\n<\/ul>\n<\/li>\n<\/ul>\n<ul>\n<li><span style=\"text-decoration: underline;\"><strong>Spojen\u00ed MHD:<\/strong><\/span>\n<ul>\n<li>100 m od kone\u010dn\u00e9 autobusu \u010d. 20 nebo 15 min. voln\u00e9 ch\u016fze od stanice autobusu \u010d. 30 \u201eN\u00e1dra\u017e\u00ed B\u00edl\u00e1 Hora\u201c<\/li>\n<\/ul>\n<\/li>\n<\/ul>\n<ul>\n<li><span style=\"text-decoration: underline;\"><strong>Spojen\u00ed vlastn\u00ed dopravou:<\/strong><\/span>\n<ul>\n<li>Plze\u0148 &#8211; B\u00edl\u00e1 Hora, silnice sm\u011br Senec &#8211; Zru\u010d, t\u011bsn\u011b p\u0159ed kone\u010dnou autobus\u016f MHD zahnout doleva a cca po 50 m m\u00edrn\u011b doprava, parkovi\u0161t\u011b zdarma je p\u0159\u00edmo p\u0159ed are\u00e1lem, vjezd a st\u00e1n\u00ed na parkovi\u0161ti v are\u00e1lu je placen<\/li>\n<\/ul>\n<\/li>\n<\/ul>\n<ul>\n<li><span style=\"text-decoration: underline;\"><strong>Stravov\u00e1n\u00ed:<\/strong><\/span>\n<ul>\n<li>ubytovan\u00ed mohou vyu\u017e\u00edvat vybavenou kuchy\u0148ku v 1. pat\u0159e ubytovny<\/li>\n<li>ob\u011bdy a ve\u010de\u0159e &#8211; restaurace V H\u00e1j\u00edch cca 500 m od ubytovny<\/li>\n<\/ul>\n<\/li>\n<\/ul>\n<p><img loading=\"lazy\" class=\"alignright\" title=\"TJ BH - kuchy\u0148ka\" src=\"..\/foto\/kuchynka_02.jpg\" alt=\"\" width=\"140\" height=\"188\" \/><\/p>\n<ul>\n<li><span style=\"text-decoration: underline;\"><strong>Vybavenost pokoj\u016f:<\/strong><\/span>\n<ul>\n<li>l\u016f\u017eka, sk\u0159\u00ed\u0148, st\u016fl, \u017eidle, zrcadla, poli\u010dky<\/li>\n<\/ul>\n<\/li>\n<\/ul>\n<ul>\n<li><span style=\"text-decoration: underline;\"><strong>Vybavenost v budov\u011b a mo\u017enosti v are\u00e1lu:<\/strong><\/span>\n<ul>\n<li>na ka\u017ed\u00e9m pat\u0159e d\u00e1msk\u00e9 a p\u00e1nsk\u00e9 um\u00fdv\u00e1rny, sprchy a WC<\/li>\n<li>mo\u017enost pron\u00e1jmu h\u0159i\u0161\u0165, t\u011blocvi\u010dny, haly, spole\u010densk\u00e9 m\u00edstnosti<\/li>\n<\/ul>\n<\/li>\n<\/ul>\n<ul>\n<li><span style=\"text-decoration: underline;\"><strong>Ceny ubytov\u00e1n\u00ed a ubytovac\u00ed \u0159\u00e1d:<\/strong><\/span>\n<ul>\n<li>viz. <a href=\"http:\/\/tjbhplzen.cz\/text\/Cenik_od_1_1_2024.pdf\" target=\"_blank\" rel=\"noopener noreferrer\">cen\u00edk<\/a> platn\u00fd od 1.1.2024<\/li>\n<li><strong>ceny ji\u017e od 250 K\u010d\/noc<\/strong> &#8211; pro dlouhodob\u011b ubytovan\u00e9 poskytuje v\u00fdbor TJ na z\u00e1klad\u011b p\u00edsemn\u00e9 \u017e\u00e1dosti slevy z celkov\u00e9 ceny!<\/li>\n<li>viz. <a href=\"http:\/\/www.tjbhplzen.cz\/text\/Ubyt_rad_2016.pdf\" target=\"_blank\" rel=\"noopener noreferrer\">ubytovac\u00ed \u0159\u00e1d<\/a><\/li>\n<\/ul>\n<\/li>\n<\/ul>\n<p>&#8222;Podle z\u00e1kona o evidenci tr\u017eeb je prod\u00e1vaj\u00edc\u00ed povinen vystavit kupuj\u00edc\u00edmu \u00fa\u010dtenku. Z\u00e1rove\u0148 je povinen zaevidovat p\u0159ijatou tr\u017ebu u spr\u00e1vce dan\u011b online; v p\u0159\u00edpad\u011b technick\u00e9ho v\u00fdpadku pak nejpozd\u011bji do 48 hodin.&#8220;<\/p>\n\n\n<figure class=\"wp-block-image\"><img alt=\"\"\/><\/figure>\n\n\n\n<div class=\"wp-container-1 wp-block-group\"><div class=\"wp-block-group__inner-container\">\n<figure class=\"wp-block-image\"><img alt=\"\"\/><\/figure>\n<\/div><\/div>\n\n\n\n<p><\/p>\n","protected":false},"excerpt":{"rendered":"<p>Na kraji Plzn\u011b, v bezprost\u0159edn\u00edm sousedstv\u00ed nad Velk\u00fdm Boleveck\u00fdm rybn\u00edkem, se nach\u00e1z\u00ed are\u00e1l TJ Plze\u0148 &#8211; B\u00edl\u00e1 Hora, z.s., jeho\u017e sou\u010d\u00e1st\u00ed je zmodernizovan\u00e1 (p\u016fvodn\u011b turistick\u00e1) ubytovna. Standardn\u00ed ubytov\u00e1n\u00ed ve velmi p\u0159ijateln\u00fdch cenov\u00fdch relac\u00edch nab\u00edz\u00ed ve dvou- a t\u0159\u00edl\u016f\u017ekov\u00e9m pokoji &#8211; &hellip; <a href=\"https:\/\/www.tjbhplzen.cz\/?page_id=6\">Continue reading <span class=\"pjgm-metanav\">&rarr;<\/span><\/a><\/p>\n","protected":false},"author":1,"featured_media":0,"parent":0,"menu_order":2,"comment_status":"closed","ping_status":"closed","template":"","meta":{"_expiration-date-status":"","_expiration-date":0,"_expiration-date-type":"","_expiration-date-categories":[],"_expiration-date-options":[]},"_links":{"self":[{"href":"https:\/\/www.tjbhplzen.cz\/index.php?rest_route=\/wp\/v2\/pages\/6"}],"collection":[{"href":"https:\/\/www.tjbhplzen.cz\/index.php?rest_route=\/wp\/v2\/pages"}],"about":[{"href":"https:\/\/www.tjbhplzen.cz\/index.php?rest_route=\/wp\/v2\/types\/page"}],"author":[{"embeddable":true,"href":"https:\/\/www.tjbhplzen.cz\/index.php?rest_route=\/wp\/v2\/users\/1"}],"replies":[{"embeddable":true,"href":"https:\/\/www.tjbhplzen.cz\/index.php?rest_route=%2Fwp%2Fv2%2Fcomments&post=6"}],"version-history":[{"count":51,"href":"https:\/\/www.tjbhplzen.cz\/index.php?rest_route=\/wp\/v2\/pages\/6\/revisions"}],"predecessor-version":[{"id":1650,"href":"https:\/\/www.tjbhplzen.cz\/index.php?rest_route=\/wp\/v2\/pages\/6\/revisions\/1650"}],"wp:attachment":[{"href":"https:\/\/www.tjbhplzen.cz\/index.php?rest_route=%2Fwp%2Fv2%2Fmedia&parent=6"}],"curies":[{"name":"wp","href":"https:\/\/api.w.org\/{rel}","templated":true}]}}