{"id":18,"date":"2011-03-03T11:14:14","date_gmt":"2011-03-03T11:14:14","guid":{"rendered":"http:\/\/tjbhplzen.info\/"},"modified":"2011-03-07T08:10:42","modified_gmt":"2011-03-07T08:10:42","slug":"florbal","status":"publish","type":"page","link":"https:\/\/www.tjbhplzen.cz\/?page_id=18","title":{"rendered":"Florbal"},"content":{"rendered":"<p><strong><span style=\"text-decoration: underline;\">Pravidla florbalu platn\u00e1 k 23.2.2011<\/span><\/strong><\/p>\n<p><strong>Obecn\u00e1 pravidla:<\/strong><\/p>\n<ul>\n<li>p\u0159i florbale se nehraje do t\u011bla<\/li>\n<li>florbalky protihr\u00e1\u010d\u016f by se nem\u011bly dotknout (je zak\u00e1z\u00e1no &#8222;hokejov\u00e9&#8220; sek\u00e1n\u00ed a nadzved\u00e1v\u00e1n\u00ed      florbalky)<\/li>\n<li><strong>hr\u00e1\u010d z pole\u00a0by nem\u011bl st\u00e1t ve vlastn\u00edm brankovi\u0161ti <\/strong><\/li>\n<\/ul>\n<p><strong>Brank\u00e1\u0159:<\/strong><\/p>\n<ul>\n<li><strong>brank\u00e1\u0159sk\u00e9 z\u00e1kroky (rozkleky, chyt\u00e1n\u00ed m\u00ed\u010dku do rukou, &#8230;.) sm\u00ed d\u011blat pouze v\u00a0ur\u010den\u00e9m brankovi\u0161ti<\/strong><\/li>\n<li>brank\u00e1\u0159 nesm\u00ed hr\u00e1t jak\u00fdmkoliv zp\u016fsobem m\u00ed\u010dek mimo ur\u010den\u00e9 \u00fazem\u00ed (p\u0159i  h\u0159e 4 na 4 je to do poloviny h\u0159i\u0161t\u011b, p\u0159i h\u0159e 5 na 5 je to ve vymezen\u00e9m  obd\u00e9ln\u00edku)<\/li>\n<li>pro brank\u00e1\u0159e hraj\u00edc\u00edho mimo brankovi\u0161t\u011b plat\u00ed pravidla jako pro hr\u00e1\u010de z\u00a0pole<\/li>\n<li>od brank\u00e1\u0159e neplat\u00ed p\u0159\u00edmo vst\u0159elen\u00fd g\u00f3l<\/li>\n<\/ul>\n<p><strong>Trestn\u00e9 st\u0159\u00edlen\u00ed:<\/strong><\/p>\n<ul>\n<li><strong>pokud brank\u00e1\u0159 opust\u00ed b\u011bhem z\u00e1kroku brankovi\u0161t\u011b cel\u00fdm t\u011blem (rozklek, chyt\u00e1n\u00ed m\u00ed\u010dku do rukou, &#8230;)<\/strong><\/li>\n<li><strong>pokud br\u00e1n\u00edc\u00ed hr\u00e1\u010d na vlastn\u00ed polovin\u011b:<\/strong>\n<ul>\n<li><strong>pokus\u00ed zas\u00e1hnout (tedy i v\u00a0p\u0159\u00edpad\u011b, kdy\u017e nezas\u00e1hne) na vlastn\u00ed polovin\u011b h\u0159i\u0161t\u011b m\u00ed\u010dek florbalkou nad rameny (vysok\u00e1 h\u016fl)<\/strong><\/li>\n<li><strong>\u00famysln\u011b zastav\u00ed nebo hraje m\u00ed\u010dek jakoukoliv \u010d\u00e1st\u00ed\u00a0 t\u011bla, nebo zastavuje-li m\u00ed\u010dek v\u00a0rozkleku, v le\u017ee nebo v\u00a0sed\u011b<\/strong><strong> <\/strong><strong>b\u011bhem g\u00f3lov\u00e9 \u0161ance soupe\u0159e<\/strong><\/li>\n<li>dr\u017e\u00ed soupe\u0159e nebo jeho florbalku b\u011bhem g\u00f3lov\u00e9 \u0161ance<\/li>\n<li>\u00famysln\u011b vraz\u00ed nebo podraz\u00ed \u00fato\u010d\u00edc\u00edho soupe\u0159e b\u011bhem g\u00f3lov\u00e9 \u0161ance<\/li>\n<li>\u00famysln\u011b posune branku<\/li>\n<li>hod\u00ed florbalku ve snaze zas\u00e1hnout m\u00ed\u010dek nebo soupe\u0159ovu florbalku<\/li>\n<\/ul>\n<\/li>\n<li>pokud trestn\u00e9 st\u0159\u00edlen\u00ed neskon\u010d\u00ed g\u00f3lem, m\u00ed\u010dek rozehr\u00e1v\u00e1 brank\u00e1\u0159<\/li>\n<li>hr\u00e1\u010d prov\u00e1d\u011bj\u00edc\u00ed trestn\u00e9 st\u0159\u00edlen\u00ed mus\u00ed m\u00edt b\u011bhem cel\u00e9ho trestn\u00e9ho st\u0159\u00edlen\u00ed m\u00ed\u010dek neust\u00e1le v\u00a0pohybu vp\u0159ed<\/li>\n<li>brank\u00e1\u0159 nesm\u00ed b\u00fdt na trestn\u00e9 st\u0159\u00edlen\u00ed vyst\u0159\u00edd\u00e1n jin\u00fdm hr\u00e1\u010dem, pokud nen\u00ed zran\u011bn<\/li>\n<\/ul>\n<p><strong>Trestn\u00e9 \u00fadery:<\/strong><\/p>\n<ul>\n<li>p\u0159estupky:\n<ul>\n<li><strong>\u00famysln\u011b zastav\u00ed nebo hraje m\u00ed\u010dek jakoukoliv \u010d\u00e1st\u00ed\u00a0 t\u011bla, nebo zastavuje-li hr\u00e1\u010d m\u00ed\u010dek v\u00a0rozkleku, v le\u017ee nebo v\u00a0sed\u011b<\/strong><\/li>\n<li>hraje-li hr\u00e1\u010d, nebo sna\u017e\u00ed-li se hr\u00e1t jakoukoliv \u010d\u00e1st\u00ed florbalky nad \u00farovn\u00ed kolen<\/li>\n<li>kopne-li nebo hraje t\u011blem hr\u00e1\u010d v poli m\u00ed\u010dek 2x za sebou<\/li>\n<li>vyhod\u00ed-li nebo kopne-li brank\u00e1\u0159 m\u00ed\u010dek a\u017e za st\u0159edovou \u010d\u00e1ru p\u0159\u00edmo bez doteku na vlastn\u00ed polovin\u011b h\u0159i\u0161t\u011b<\/li>\n<li>pokud hr\u00e1\u010d ovl\u00e1daj\u00edc\u00ed m\u00ed\u010dek strk\u00e1 nebo tla\u010d\u00ed soupe\u0159e<\/li>\n<li>pokud hr\u00e1\u010d p\u0159i snaze z\u00edskat m\u00ed\u010dek strk\u00e1 nebo tla\u010d\u00ed soupe\u0159e<\/li>\n<li>pokud hr\u00e1\u010d p\u0159i snaze z\u00edskat m\u00ed\u010dek p\u0159idr\u017e\u00ed nebo podraz\u00ed protihr\u00e1\u010de<\/li>\n<li>br\u00e1n\u00ed-li hr\u00e1\u010d ve h\u0159e soupe\u0159i, kter\u00fd neovl\u00e1d\u00e1 m\u00ed\u010dek<\/li>\n<li>pokud hr\u00e1\u010d zas\u00e1hne, blokuje, zvedne nebo kopne do soupe\u0159ovy hokejky<\/li>\n<li>zvedne-li hr\u00e1\u010d v poli \u010depel florbalky nad \u00farove\u0148 pasu p\u0159i n\u00e1p\u0159ahu vzad p\u0159ed zasa\u017een\u00edm m\u00ed\u010de, nebo p\u0159i do\u0161vihu po \u00faderu m\u00ed\u010de<\/li>\n<\/ul>\n<\/li>\n<li>po p\u0159estupku se rozehr\u00e1v\u00e1 z m\u00edsta, kde se p\u0159estupek stal, pokud se  p\u0159estupek stane za brankou, tak se rozehr\u00e1v\u00e1 z ur\u010den\u00e9ho m\u00edsta (tedy  nikdy ne za brankou)<\/li>\n<li>m\u00ed\u010dek mus\u00ed b\u00fdt rozehr\u00e1n hokejkou z\u00a0m\u00edsta a mus\u00ed b\u00fdt zasa\u017een, ne tahan\u00fd \u010di zvedan\u00fd<\/li>\n<li>z\u00a0trestn\u00e9ho \u00faderu lze p\u0159\u00edmo vst\u0159elit branku<\/li>\n<li>hr\u00e1\u010d rozehr\u00e1vaj\u00edc\u00ed trestn\u00fd \u00fader si nap\u0159ed zastav\u00ed m\u00ed\u010dek rukou, nebo nohou a teprve pak rozehr\u00e1v\u00e1<\/li>\n<li>hr\u00e1\u010di br\u00e1n\u00edc\u00edho t\u00fdmu mus\u00ed b\u00fdt od m\u00ed\u010dku min. 2 m (v\u010detn\u011b florbalky)<\/li>\n<li>hr\u00e1\u010d prov\u00e1d\u011bj\u00edc\u00ed voln\u00fd \u00fader se nesm\u00ed dotknout m\u00ed\u010dku podruh\u00e9, dokud se m\u00ed\u010dku nedotkne jin\u00fd hr\u00e1\u010d nebo v\u00fdstroj jin\u00e9ho hr\u00e1\u010de<\/li>\n<\/ul>\n<p><strong>Ostatn\u00ed:<\/strong><\/p>\n<ul>\n<li><strong>pokud m\u016f\u017ee jednozna\u010dn\u011b pokra\u010dovat ve h\u0159e hr\u00e1\u010d z\u00a0t\u00fdmu, kter\u00fd by  \u201em\u011bl\u201c rozehr\u00e1vat trestn\u00fd \u00fader (ve h\u0159e mu nebr\u00e1n\u00ed \u017e\u00e1dn\u00fd hr\u00e1\u010d z\u00a0mu\u017estva,  kter\u00e9 se provinilo proti pravidl\u016fm), je povinen vyu\u017e\u00edt tzv. v\u00fdhody a  pokra\u010dovat ve h\u0159e <\/strong><\/li>\n<li><strong>po obdr\u017een\u00e9m g\u00f3lu mus\u00ed t\u00fdm rozehr\u00e1t pobl\u00ed\u017e poloviny h\u0159i\u0161t\u011b, m\u00ed\u010dek  p\u0159i rozehr\u00e1n\u00ed nesm\u00ed p\u0159ekro\u010dit p\u016fl\u00edc\u00ed \u010d\u00e1ru. Hr\u00e1\u010di z\u00a0obou t\u00fdm\u016f mohou  p\u0159ekro\u010dit p\u016fl\u00edc\u00ed \u010d\u00e1ru a\u017e po rozehr\u00e1n\u00ed m\u00ed\u010dku.<\/strong><\/li>\n<li>p\u0159i ne\u00famysln\u00e9m hran\u00ed t\u011blem se pokra\u010duje ve h\u0159e, nap\u0159. nast\u0159elen\u00ed  m\u00ed\u010dkem od soupe\u0159e (nap\u0159.      pokud hr\u00e1\u010de ve zdi tref\u00ed rozehr\u00e1vaj\u00edc\u00ed  hr\u00e1\u010d do nohy, tak m\u016f\u017ee jak\u00fdkoliv hr\u00e1\u010d pokra\u010dovat ve h\u0159e)<\/li>\n<li>pokud na vlastn\u00ed br\u00e1n\u00edc\u00ed polovin\u011b h\u0159i\u0161t\u011b hr\u00e1\u010d neuhne let\u00edc\u00edmu m\u00ed\u010dku a  ten ho tref\u00ed, tak to nen\u00ed trestn\u00e9 st\u0159\u00edlen\u00ed (pokud se tedy aktivn\u011b  nesna\u017e\u00ed zastavit let\u00edc\u00ed m\u00ed\u010dek)<\/li>\n<li><strong>p\u0159i h\u0159e 4 na 4 se obvykle hraje 7 min.<\/strong><\/li>\n<li><strong>p\u0159i h\u0159e 5 na 5 se obvykle hraje 10 min.<\/strong><\/li>\n<\/ul>\n<p><strong>Organiza\u010dn\u00ed v\u011bci:<\/strong><\/p>\n<ul>\n<li>sraz na BH je nejpozd\u011bji 10 min. p\u0159ed za\u010d\u00e1tkem florbalu<\/li>\n<li>nejasnosti v\u00a0pravidlech se \u0159e\u0161\u00ed b\u011bhem t\u00fddne a ne v\u00a0ned\u011bli b\u011bhem hran\u00ed florbalu<\/li>\n<\/ul>\n<p>\ufeff<\/p>\n","protected":false},"excerpt":{"rendered":"<p>Pravidla florbalu platn\u00e1 k 23.2.2011 Obecn\u00e1 pravidla: p\u0159i florbale se nehraje do t\u011bla florbalky protihr\u00e1\u010d\u016f by se nem\u011bly dotknout (je zak\u00e1z\u00e1no &#8222;hokejov\u00e9&#8220; sek\u00e1n\u00ed a nadzved\u00e1v\u00e1n\u00ed florbalky) hr\u00e1\u010d z pole\u00a0by nem\u011bl st\u00e1t ve vlastn\u00edm brankovi\u0161ti Brank\u00e1\u0159: brank\u00e1\u0159sk\u00e9 z\u00e1kroky (rozkleky, chyt\u00e1n\u00ed m\u00ed\u010dku &hellip; <a href=\"https:\/\/www.tjbhplzen.cz\/?page_id=18\">Continue reading <span class=\"pjgm-metanav\">&rarr;<\/span><\/a><\/p>\n","protected":false},"author":1,"featured_media":0,"parent":15,"menu_order":0,"comment_status":"closed","ping_status":"closed","template":"","meta":{"_expiration-date-status":"","_expiration-date":0,"_expiration-date-type":"","_expiration-date-categories":[],"_expiration-date-options":[]},"_links":{"self":[{"href":"https:\/\/www.tjbhplzen.cz\/index.php?rest_route=\/wp\/v2\/pages\/18"}],"collection":[{"href":"https:\/\/www.tjbhplzen.cz\/index.php?rest_route=\/wp\/v2\/pages"}],"about":[{"href":"https:\/\/www.tjbhplzen.cz\/index.php?rest_route=\/wp\/v2\/types\/page"}],"author":[{"embeddable":true,"href":"https:\/\/www.tjbhplzen.cz\/index.php?rest_route=\/wp\/v2\/users\/1"}],"replies":[{"embeddable":true,"href":"https:\/\/www.tjbhplzen.cz\/index.php?rest_route=%2Fwp%2Fv2%2Fcomments&post=18"}],"version-history":[{"count":3,"href":"https:\/\/www.tjbhplzen.cz\/index.php?rest_route=\/wp\/v2\/pages\/18\/revisions"}],"predecessor-version":[{"id":124,"href":"https:\/\/www.tjbhplzen.cz\/index.php?rest_route=\/wp\/v2\/pages\/18\/revisions\/124"}],"up":[{"embeddable":true,"href":"https:\/\/www.tjbhplzen.cz\/index.php?rest_route=\/wp\/v2\/pages\/15"}],"wp:attachment":[{"href":"https:\/\/www.tjbhplzen.cz\/index.php?rest_route=%2Fwp%2Fv2%2Fmedia&parent=18"}],"curies":[{"name":"wp","href":"https:\/\/api.w.org\/{rel}","templated":true}]}}