{"id":15,"date":"2011-03-03T11:13:36","date_gmt":"2011-03-03T11:13:36","guid":{"rendered":"http:\/\/tjbhplzen.info\/"},"modified":"2022-06-27T21:29:40","modified_gmt":"2022-06-27T20:29:40","slug":"rekreacni-sport","status":"publish","type":"page","link":"https:\/\/www.tjbhplzen.cz\/?page_id=15","title":{"rendered":"Rekrea\u010dn\u00ed sport"},"content":{"rendered":"<ul>\n<li><strong>sdru\u017euje z\u00e1jemce o:<\/strong>\n<ul>\n<li>fotb\u00e1lek<\/li>\n<li>florbal<\/li>\n<li>nohejbal<\/li>\n<li>parkour<\/li>\n<\/ul>\n<\/li>\n<\/ul>\n<ul>\n<li><strong>jeho \u010dlenov\u00e9 vyu\u017e\u00edvaj\u00ed tato sportovi\u0161t\u011b:<\/strong>\n<ul>\n<li>t\u011blocvi\u010dnu<\/li>\n<li>halu<\/li>\n<li>venkovn\u00ed h\u0159i\u0161t\u011b na malou kopanou<\/li>\n<li>antukov\u00e1 h\u0159i\u0161t\u011b na nohejbal<\/li>\n<\/ul>\n<\/li>\n<\/ul>\n<ul>\n<li><strong>vedouc\u00ed odd\u00edlu a tren\u00e9r:\u00a0<\/strong>\n<ul>\n<li>mobil: +420 773 566 348<\/li>\n<li>e-mail:<\/li>\n<\/ul>\n<\/li>\n<\/ul>\n","protected":false},"excerpt":{"rendered":"<p>sdru\u017euje z\u00e1jemce o: fotb\u00e1lek florbal nohejbal parkour jeho \u010dlenov\u00e9 vyu\u017e\u00edvaj\u00ed tato sportovi\u0161t\u011b: t\u011blocvi\u010dnu halu venkovn\u00ed h\u0159i\u0161t\u011b na malou kopanou antukov\u00e1 h\u0159i\u0161t\u011b na nohejbal vedouc\u00ed odd\u00edlu a tren\u00e9r:\u00a0 mobil: +420 773 566 348 e-mail:<\/p>\n","protected":false},"author":1,"featured_media":0,"parent":13,"menu_order":2,"comment_status":"closed","ping_status":"closed","template":"","meta":{"_expiration-date-status":"","_expiration-date":1656358151,"_expiration-date-type":"Draft","_expiration-date-categories":[],"_expiration-date-options":[]},"_links":{"self":[{"href":"https:\/\/www.tjbhplzen.cz\/index.php?rest_route=\/wp\/v2\/pages\/15"}],"collection":[{"href":"https:\/\/www.tjbhplzen.cz\/index.php?rest_route=\/wp\/v2\/pages"}],"about":[{"href":"https:\/\/www.tjbhplzen.cz\/index.php?rest_route=\/wp\/v2\/types\/page"}],"author":[{"embeddable":true,"href":"https:\/\/www.tjbhplzen.cz\/index.php?rest_route=\/wp\/v2\/users\/1"}],"replies":[{"embeddable":true,"href":"https:\/\/www.tjbhplzen.cz\/index.php?rest_route=%2Fwp%2Fv2%2Fcomments&post=15"}],"version-history":[{"count":16,"href":"https:\/\/www.tjbhplzen.cz\/index.php?rest_route=\/wp\/v2\/pages\/15\/revisions"}],"predecessor-version":[{"id":1574,"href":"https:\/\/www.tjbhplzen.cz\/index.php?rest_route=\/wp\/v2\/pages\/15\/revisions\/1574"}],"up":[{"embeddable":true,"href":"https:\/\/www.tjbhplzen.cz\/index.php?rest_route=\/wp\/v2\/pages\/13"}],"wp:attachment":[{"href":"https:\/\/www.tjbhplzen.cz\/index.php?rest_route=%2Fwp%2Fv2%2Fmedia&parent=15"}],"curies":[{"name":"wp","href":"https:\/\/api.w.org\/{rel}","templated":true}]}}